(l)?
7
Let w(z) = -7*z**3 - 16*z**2 + 331*z + 4429. What is the hundreds digit of w(-13)?
8
Let d(s) = -9*s - 126 + 267 - 125. Let l be d(-11). Let w = l + 89. What is the hundreds digit of w?
2
Let n(f) = 495*f + 1858. What is the hundreds digit of n(55)?
0
What is the units digit of ((-16435874)/(-84))/(-49)*-6?
9
Suppose 2*t + 5*q - 31 - 9 = 0, q + 80 = 4*t. What is the units digit of (48/t)/(16/9880)?
2
Suppose 25 = 13*w - 8*w. Suppose -43*m + w = -42*m. Suppose -m*a + 15 = -5, 2*o - 2*a = 50. What is the tens digit of o?
2
Let d(s) = 65*s + 95. Let f = -225 + 233. What is the hundreds digit of d(f)?
6
Suppose 16*w + 2*w = 19350. What is the units digit of w/3 - 100/75?
7
Let w(g) = 12*g**2 - 15*g - 13*g**2 + 574 + 11*g + g**3. What is the hundreds digit of w(0)?
5
Let i(u) = -u**3 + 18*u**2 + u - 16. Let j be i(18). Let o be (-25*2/j)/(3/(-63)). Suppose 0 = 10*k - 15*k + o. What is the hundreds digit of k?
1
Let s(f) be the second derivative of -f**5/10 - 5*f**4/2 + 17*f**3/6 + 19*f**2 - 35*f. What is the units digit of s(-17)?
5
Let z(y) = -y**3 + 11*y**2 + 36*y - 9. Suppose 0 = -5*o - 44 + 94. What is the tens digit of z(o)?
5
Let i(g) = -g**3 - 7*g**2 - 8*g - 5. Let o be i(-6). Let w = -9959 - -9964. Suppose w*u = x + o, -x = -5*x + 12. What is the units digit of u?
2
Let g(c) = 9 - 2*c - 3 + 171*c**2 - 170*c**2. Suppose 3*v - 93 = -5*r - 36, -4*r = v - 40. What is the tens digit of g(r)?
6
Let p = -35 - -111. Let u = -73 + p. Suppose 342 = 3*o + 3*y, -5*y + u = -4*y. What is the hundreds digit of o?
1
Suppose 2*m - 8326 = 5*f, -4277 = -4*m + 5*f + 12355. What is the hundreds digit of m?
1
Let z(h) = h**3 + 16. Let j(p) = -p**3 + 6*p**2 - 6*p - 2. Let v be j(5). Let i = -7 - v. What is the tens digit of z(i)?
1
Let t(h) = 39*h**2 + 56*h + 2175. What is the units digit of t(-42)?
9
Suppose 107*a - 1294624 = -77*a. What is the thousands digit of a?
7
Let y(u) = -6*u**3 + 32*u**2 + 67*u - 25. What is the tens digit of y(-16)?
7
Suppose 397 + 275 = 4*k. Suppose 4*n = 12, h - k = 7*n - 2*n. What is the hundreds digit of h?
1
Suppose 0 = 2*g - 2*r - 3506 - 9920, 0 = -g + 5*r + 6705. What is the thousands digit of g?
6
Suppose -10555*i = -10556*i + 1705. What is the tens digit of i?
0
Let y(i) = -i**3 + i**2 + 13*i - 4. Let j be y(4). Suppose -2*l + h + 2*h + 64 = j, h - 42 = -l. Suppose 4*k = l + 2. What is the tens digit of k?
1
Suppose -28*n + 100 = -3*n. Suppose 18*w - 10038 = n*w. What is the hundreds digit of w?
7
Suppose -58814 - 8099 = -7*d. What is the hundreds digit of d?
5
Let x = 887 - -2211. Suppose 3727 = 7*i - x. What is the units digit of i?
5
Let u(d) = -61215*d**3 + 3*d + 5. What is the hundreds digit of u(-1)?
2
Let g be (-43)/(-9) + (-50)/(-225). Let f(b) = b**3 - 6*b**2 + 8*b - 5. Let w be f(5). What is the units digit of (36/w)/(2/g)?
9
Let q(i) = -9*i**2 - 2*i + 38. Let k(l) = -27*l**2 - 6*l + 115. Let z(a) = -4*k(a) + 11*q(a). What is the units digit of z(9)?
5
Let y = -57 + 207. Suppose -y = -2*m - 0*m. Suppose 3*b + 4*l + 26 = 286, b - l = m. What is the units digit of b?
0
Let l(a) = -479*a - 934. What is the hundreds digit of l(-22)?
6
Let c(k) = -5*k**3 + 3*k**3 - 5*k**2 - 4 + k**3 - k**2. Let m = -119 + 111. What is the hundreds digit of c(m)?
1
Let y(w) = 38*w**2 + 108*w - 839. What is the thousands digit of y(-38)?
9
Suppose -2647 = 12*n - 12925 - 2934. What is the tens digit of n?
0
Let u = 53431 + -31840. What is the hundreds digit of u?
5
Let q(a) = 6*a - 8. Suppose -30 = 2*s - 0*s. Let y be q(s). Let g = y - -175. What is the units digit of g?
7
Let x be (1 + 0/(-7))*3. Suppose 0 = 3*g + x*s - 3141, -2343 - 798 = -3*g + s. What is the hundreds digit of g?
0
Let u = 164760 - 100001. What is the units digit of u?
9
Let a(b) = 57*b - 110. Let s be a(7). Let q = s + 54. What is the tens digit of q?
4
Let h = -2798 + 24884. What is the thousands digit of h?
2
Suppose 4*a - 4*i + 15 = -29, -i - 39 = 4*a. What is the tens digit of (-3 + 8/2)/(a/(-1460))?
4
Let b = -31 + 37. Suppose 7*y = b*y + 20. Let l(o) = -o**2 + 24*o + 39. What is the hundreds digit of l(y)?
1
Suppose 0 = -56*k + 250 + 30. Let h = 2 - 0. Suppose -583 = -k*n + w, h*w = 5*n - 208 - 378. What is the tens digit of n?
1
Let v(s) = 7*s - 97. Let m(l) = 11*l - 146. Suppose 2*w + 28 - 14 = 0. Let t(x) = w*v(x) + 5*m(x). What is the units digit of t(12)?
1
Suppose 4*y + 4*o - 25472 = 0, 7*o - 12280 - 19566 = -5*y. What is the tens digit of y?
6
Suppose 357 = 4*v - 511. Suppose v = t - w, 2*t + 0*t + 2*w = 418. What is the units digit of t?
3
Suppose 44 = 16*a + 236. Let g(f) = -68*f - 82. What is the hundreds digit of g(a)?
7
Let h(l) = 13*l**2 - 136*l + 34. What is the tens digit of h(33)?
0
Suppose -3826 = -q - 5*i, 3*i - 4083 = -2*q + 3555. What is the units digit of 42/70 - -1*q/15?
5
Let d(y) = 1376*y - 7967. What is the ten thousands digit of d(68)?
8
Let c(k) = 1251*k**2 - 616*k + 3081. What is the hundreds digit of c(5)?
2
Let o = -142 - -268. Suppose 0 = -2*n + 2*l - o, n - 73 = 2*n - 3*l. Let a = 63 + n. What is the units digit of a?
5
Suppose -2*h + 234 = 120. What is the units digit of h?
7
Let p(n) be the first derivative of n**3/3 + 4*n**2 - 19*n + 23. Let l be p(-11). Let a = 69 + l. What is the tens digit of a?
8
Suppose -8*s - 3*f = -5*s - 81630, -2*f = 4*s - 108842. What is the ten thousands digit of s?
2
Let g(h) = -h**2 + 14*h + 8. Suppose -3 = -z + 10. Suppose -z = -j - 0*j. What is the units digit of g(j)?
1
Let s = 23854 - 12216. What is the thousands digit of s?
1
Let f = 12267 - 7543. What is the tens digit of f?
2
Let o = 120 - 117. Suppose 5*j - o*s - 2030 = 0, 4*j + 2*s = 2*j + 812. What is the tens digit of j?
0
Let o(w) = -15 - w**2 - 18*w + 18 - 16 - 12. What is the units digit of o(-13)?
0
Let d(l) = -3*l**3 - 26*l**2 - 205*l + 2. What is the hundreds digit of d(-18)?
7
Suppose 16*b - 52 = 3*b. Suppose -2*s - 516 = -2*c + 2*s, 4*s - 996 = -b*c. What is the hundreds digit of c?
2
Suppose -f - 3*h + 15113 = -24109, -2*f + h = -78395. What is the hundreds digit of f?
2
Let j(f) = f**2 + 7*f - 11. Let h be j(-9). Suppose 0 = -h*w - 4 + 2006. What is the units digit of w?
6
Let i = 392 + -252. Let b = 205 - i. What is the tens digit of b?
6
Suppose 5*l = -2*h - 26, -h + 6 - 13 = l. Let k be (-2 + 4)/(10/35) + h. Let g(q) = q + 18. What is the tens digit of g(k)?
2
Let q(i) = -i**3 + 4*i + 1606. Let r be q(0). Let y = r - 962. What is the hundreds digit of y?
6
Let p = 134 - 139. What is the tens digit of (p/(-2))/((-9)/(-1026))?
8
Suppose 10*o - 12*o = 54. Let g = o - -452. What is the tens digit of g?
2
Suppose -4*s = -3*m - 983, -m = 3*s - 6*m - 740. Let r = s - -204. What is the hundreds digit of r?
4
Let m(v) = -23*v + 42. Let f be m(-6). Let o = 281 - f. Suppose 4*w - o = 3*b - 4*b, -5*w = -5*b + 505. What is the hundreds digit of b?
1
Let a be -1 - 157/(2 + -3). Suppose 0 = -256*l + 253*l + 957. Let h = l - a. What is the hundreds digit of h?
1
Let h(a) = -366*a**3 - 8*a**2 + 3*a + 10. Let x(t) = 732*t**3 + 17*t**2 - 6*t - 22. Let n(p) = -9*h(p) - 4*x(p). What is the units digit of n(1)?
5
Let y(c) = 3*c**2 + 11*c + 10. Suppose 4*t + t + 35 = -4*m, -5*m - 5*t - 40 = 0. Let p be y(m). Suppose 26*k = 27*k - p. What is the units digit of k?
0
Let d(w) = -w**2 - 20*w - 20. Let u be d(-18). Suppose u*f = 2*f - 39340. What is the units digit of -1*2/10 - f/50?
6
Let t = 60756 - 28452. What is the ten thousands digit of t?
3
Let z(j) = j**3 + 65*j**2 + 45*j - 124. What is the units digit of z(-64)?
2
Suppose 0*i = -i - 2. Let x = -1899 - -1901. What is the units digit of x/(-4)*i/(-1)*-1?
1
Suppose 74562 + 21482 = 9*l - 7951. What is the hundreds digit of l?
5
Let v = -215 + 78. Let l = 35 - v. What is the tens digit of l?
7
Suppose 8*p + 65 - 41 = 0. Let o(t) be the first derivative of -22*t**2 + t - 1. What is the units digit of o(p)?
3
What is the tens digit of 6/(-9) + 200255/33 + 16/12?
6
Let x be (-4)/22 - 1971/(-11) - -2. Suppose -2 = -p + x. What is the hundreds digit of p?
1
What is the tens digit of 33*(430/14 + 30/105)?
2
Let v(a) = -a**2 - 11*a - 5. Let c be v(-11). Let h(p) = p**2 + 2*p - 7. Let f be h(c). Suppose -f*s = -476 - 196. What is the units digit of s?
4
Let v be ((-1510)/(-25))/2 - 16/(-20). Suppos